{"id":225,"date":"2012-08-12T12:44:18","date_gmt":"2012-08-12T10:44:18","guid":{"rendered":"http:\/\/localhost:8888\/?page_id=225"},"modified":"2012-11-28T14:08:27","modified_gmt":"2012-11-28T14:08:27","slug":"steinau-an-der-strasse","status":"publish","type":"page","link":"https:\/\/andrea.nu\/?page_id=225","title":{"rendered":"Steinau an der Strasse"},"content":{"rendered":"<p>Jacob och Wilhelm Grimm f\u00f6ddes i Hanau (1785\/86) n\u00e4ra Frankfurt am Main. De v\u00e4xte upp i <span style=\"color: #0000ff;\"><a href=\"http:\/\/www.steinau.eu\/\" target=\"_blank\"><span style=\"color: #0000ff;\">Steinau an der Strasse<\/span><\/a><\/span> dit familjen flyttade d\u00e5 br\u00f6derna var fem och sex \u00e5r gamla. Deras hem, den st\u00e5tliga ren\u00e4ssansbyggnaden nedan, finns fortfarande kvar. Likas\u00e5 den historiska stadsk\u00e4rnan med slottet i centrum. Numera \u00e4r br\u00f6dernas hem ett museum och heter <span style=\"color: #0000ff;\"><a href=\"http:\/\/www.brueder-grimm-haus.de\/index.php?p=1\" target=\"_blank\"><span style=\"color: #0000ff;\">Br\u00fcder Grimm-Haus<\/span><\/a><\/span>.Steinau an der Strasse ligger utmed <span style=\"color: #0000ff;\"><a href=\"http:\/\/deutsche-maerchenstrasse.com\/en\/home\/startseite-routenverlauf.html\" target=\"_blank\"><span style=\"color: #0000ff;\">Deutsche M\u00e4rchenstrasse <\/span><\/a><\/span>som b\u00f6rjar i Hameln och slutar i Hanau. S\u00e4gnen om <em>R\u00e5ttf\u00e5ngaren i Hameln<\/em> tecknades f.\u00f6. ned av Grimm.<a href=\"http:\/\/andrea.nu\/wp-content\/uploads\/2012\/08\/grimmhaus.jpg\"><img loading=\"lazy\" class=\"size-full wp-image-427 alignnone\" title=\"grimmhaus\" src=\"http:\/\/andrea.nu\/wp-content\/uploads\/2012\/08\/grimmhaus-e1344857250956.jpg\" alt=\"\" width=\"600\" height=\"351\" \/><\/a><\/p>\n<h3><span style=\"color: #808080;\">Vernissage p\u00e5 Br\u00fcder Grimm-Haus i Steinau<br \/>\n<\/span><\/h3>\n<p style=\"color: #000000; text-align: left;\"><span style=\"color: #808080;\"><a href=\"http:\/\/andrea.nu\/wp-content\/uploads\/2012\/08\/omslag.jpg\"><img loading=\"lazy\" title=\"omslag\" src=\"http:\/\/andrea.nu\/wp-content\/uploads\/2012\/08\/omslag.jpg\" alt=\"\" width=\"246\" height=\"320\" \/><\/a><br \/>\nN\u00e4r boken, <em>Br\u00f6derna Grimms sagov\u00e4rld<\/em>, var klar \u00e5kte vi till Steinau d\u00e4r illustrationerna av mig, Eva Eriksson, Magda Korotynska och Jan L\u00f6\u00f6f st\u00e4lldes ut.<\/span><\/p>\n<p><a href=\"http:\/\/andrea.nu\/wp-content\/uploads\/2012\/08\/steinauutsta\u0308llningen.jpg\"><img loading=\"lazy\" class=\"alignleft size-full wp-image-368\" title=\"steinauutsta\u0308llningen\" src=\"http:\/\/andrea.nu\/wp-content\/uploads\/2012\/08\/steinauutsta\u0308llningen-e1344847096878.jpg\" alt=\"\" width=\"1200\" height=\"275\" \/><\/a>Alla var d\u00e4r: borgm\u00e4staren, pressen och folket. Men n\u00e4r drottningen gjorde entr\u00e9 trodde jag inte mina \u00f6gon. En sagobok ville hon f\u00f6rst\u00e5s ha och handen darrade d\u00e5 jag signerade den. Till sist sk\u00e5lade vi med stadens vaktm\u00e4stare som var anledningen till att utst\u00e4llningen alls blev av. Men det \u00e4r en helt annan historia.<\/p>\n<p style=\"color: #000000; text-align: left;\"><a href=\"http:\/\/andrea.nu\/wp-content\/uploads\/2012\/08\/tavlor.jpg\"><img loading=\"lazy\" class=\"size-large wp-image-361 aligncenter\" title=\"tavlor\" src=\"http:\/\/andrea.nu\/wp-content\/uploads\/2012\/08\/tavlor-1024x873.jpg\" alt=\"\" width=\"620\" height=\"528\" srcset=\"https:\/\/andrea.nu\/wp-content\/uploads\/2012\/08\/tavlor-1024x873.jpg 1024w, https:\/\/andrea.nu\/wp-content\/uploads\/2012\/08\/tavlor-300x255.jpg 300w, https:\/\/andrea.nu\/wp-content\/uploads\/2012\/08\/tavlor.jpg 1500w\" sizes=\"(max-width: 620px) 100vw, 620px\" \/><\/a><span style=\"color: #808080;\">Nu finns vi representerade p\u00e5 museet med var sin bild i internationella rummet och p\u00e5 bordet syns ocks\u00e5 v\u00e5r sagobok.<\/span><\/p>\n","protected":false},"excerpt":{"rendered":"<p>Jacob och Wilhelm Grimm f\u00f6ddes i Hanau (1785\/86) n\u00e4ra Frankfurt am Main. De v\u00e4xte upp i Steinau an der Strasse dit familjen flyttade d\u00e5 br\u00f6derna var fem och sex \u00e5r gamla. Deras hem, den st\u00e5tliga ren\u00e4ssansbyggnaden nedan, finns fortfarande kvar. &hellip; <a href=\"https:\/\/andrea.nu\/?page_id=225\">Continue reading <span class=\"meta-nav\">&rarr;<\/span><\/a><\/p>\n","protected":false},"author":1,"featured_media":0,"parent":18,"menu_order":0,"comment_status":"open","ping_status":"open","template":"","meta":[],"_links":{"self":[{"href":"https:\/\/andrea.nu\/index.php?rest_route=\/wp\/v2\/pages\/225"}],"collection":[{"href":"https:\/\/andrea.nu\/index.php?rest_route=\/wp\/v2\/pages"}],"about":[{"href":"https:\/\/andrea.nu\/index.php?rest_route=\/wp\/v2\/types\/page"}],"author":[{"embeddable":true,"href":"https:\/\/andrea.nu\/index.php?rest_route=\/wp\/v2\/users\/1"}],"replies":[{"embeddable":true,"href":"https:\/\/andrea.nu\/index.php?rest_route=%2Fwp%2Fv2%2Fcomments&post=225"}],"version-history":[{"count":26,"href":"https:\/\/andrea.nu\/index.php?rest_route=\/wp\/v2\/pages\/225\/revisions"}],"predecessor-version":[{"id":694,"href":"https:\/\/andrea.nu\/index.php?rest_route=\/wp\/v2\/pages\/225\/revisions\/694"}],"up":[{"embeddable":true,"href":"https:\/\/andrea.nu\/index.php?rest_route=\/wp\/v2\/pages\/18"}],"wp:attachment":[{"href":"https:\/\/andrea.nu\/index.php?rest_route=%2Fwp%2Fv2%2Fmedia&parent=225"}],"curies":[{"name":"wp","href":"https:\/\/api.w.org\/{rel}","templated":true}]}}