{"id":18,"date":"2012-07-31T13:25:34","date_gmt":"2012-07-31T11:25:34","guid":{"rendered":"http:\/\/localhost:8888\/?page_id=18"},"modified":"2012-11-28T14:06:17","modified_gmt":"2012-11-28T14:06:17","slug":"broderna-grimm","status":"publish","type":"page","link":"https:\/\/andrea.nu\/?page_id=18","title":{"rendered":"Mera om Grimm"},"content":{"rendered":"<p><strong><\/strong><strong><strong>V\u00e4rldsarv<\/strong><br \/>\n<\/strong>Grimms sagosamling \u00e4r en av v\u00e4rldens mest k\u00e4nda och spridda b\u00f6cker. Den har haft stor betydelse f\u00f6r barnbokens utveckling och ledde till att folksagan blev erk\u00e4nd som litteratur. Den inneh\u00e5ller 200 sagor och tio legender. F\u00f6rsta utg\u00e5van publicerades 1812 och 1815 i tv\u00e5 band. Br\u00f6dernas handexemplar med noteringar ing\u00e5r i Unescos v\u00e4rldsarv.<br \/>\nUr motiveringen:<strong><em><br \/>\n<\/em><\/strong><em>\u201dBr\u00f6derna Grimms sagosamling \u00e4r den f\u00f6rsta systematiska sammanfattningen och vetenskapliga dokumentationen av europeisk och orientalisk sagotradition. Den har \u00f6versatts till 160 spr\u00e5k och finns representerad i alla v\u00e4rldsdelar. Sagosamlingen kan liknas vid en konkav spegel som f\u00e5ngat upp sagotraditioner fr\u00e5n olika kulturer, sammanl\u00e4nkat\u00a0 dessa och l\u00e5tit dem str\u00e5la ut i ny form&#8230; Sagosamlingens unika v\u00e4rde och globala spridning beror p\u00e5 att br\u00f6derna Grimm \u00f6verskred b\u00e5de de tyska och europeiska referensramarna. D\u00e4rmed skapade de ett universellt m\u00f6nster f\u00f6r hur folksagor f\u00f6rmedlas.&#8221;<\/em><\/p>\n<p><strong>Sagor f\u00f6r gammal som ung<br \/>\n<\/strong>Det s\u00e4gs ibland att folksagor var t\u00e4nkta f\u00f6r vuxna \u00f6ron, men fr\u00e5gan \u00e4r om man alls var s\u00e5 \u00e5ldersfixerad som vi \u00e4r idag? Grimms egen f\u00f6rest\u00e4llning om m\u00e5lgrupp &#8211; barn och forskare &#8211; fick redan d\u00e5 f\u00f6rl\u00e4ggare att dra \u00f6ronen \u00e5t sig. Ocks\u00e5 titeln <em>Kinder und Hausm\u00e4rchen<\/em> (Barn- och hussagor) \u00e4r tvetydig. Den kan likav\u00e4l syfta p\u00e5 barnkammarlitteratur som den milj\u00f6 ber\u00e4ttelserna en g\u00e5ng h\u00f6rde hemma i, dvs bland unga och gamla i hus och g\u00e5rdar.<br \/>\n\u201eMan kan inte tj\u00e4na tv\u00e5 herrar sam tidigt\u201c, l\u00f6d den sn\u00e4llaste kritiken. Men crossovern lyckades till sist \u00e4ven om det tog tv\u00e5 decennier f\u00f6r sagosamlingen att bli en bestseller. Och f\u00f6r sagoforskningen har sagosamlingen varit ov\u00e4rderlig.<\/p>\n<p><a href=\"http:\/\/andrea.nu\/wp-content\/uploads\/2012\/07\/uppslag_grimmbok.jpg\"><img loading=\"lazy\" class=\"size-full wp-image-373 alignnone\" title=\"uppslag_grimmbok\" src=\"http:\/\/andrea.nu\/wp-content\/uploads\/2012\/07\/uppslag_grimmbok.jpg\" alt=\"\" width=\"575\" height=\"425\" srcset=\"https:\/\/andrea.nu\/wp-content\/uploads\/2012\/07\/uppslag_grimmbok.jpg 575w, https:\/\/andrea.nu\/wp-content\/uploads\/2012\/07\/uppslag_grimmbok-300x221.jpg 300w\" sizes=\"(max-width: 575px) 100vw, 575px\" \/><\/a><br \/>\n<strong><br \/>\n<\/strong><em><\/em><\/p>\n<p><strong>Visste du att br\u00f6derna Grimm<\/strong><\/p>\n<ul>\n<li>r\u00e4ddade folksagan till efterv\u00e4rlden<\/li>\n<li>inte hittade p\u00e5 sagorna sj\u00e4lva (utom en)<\/li>\n<li>levde tillsammans hela livet<\/li>\n<li>skrev \u00f6ver 30 000 brev<\/li>\n<li>samlade \u00f6ver 200 sagor och n\u00e4rmare 600 s\u00e4gner<\/li>\n<li>arbetade som bibliotekarier i 20 \u00e5r<\/li>\n<li>f\u00f6ddes i kungad\u00f6met Hessen i slutet p\u00e5 1700-talet<\/li>\n<li>levde i en tid av krig och revolutioner<\/li>\n<li>till\u00e4gnade sagosamlingen Bettina von Arnim, Tysklands f\u00f6rsta kvinnliga m\u00e4nniskor\u00e4ttsk\u00e4mpe<\/li>\n<li>h\u00f6rde till sin tids kunnigaste filologer<\/li>\n<li>tecknade mycket som barn<\/li>\n<li>hade kunniga kvinnliga ber\u00e4ttare till sin hj\u00e4lp<\/li>\n<li>k\u00e4mpade f\u00f6r att \u00f6verleva p\u00e5 sitt arbete<\/li>\n<li>drabbades av yrkesf\u00f6rbud vid alla tyska universitet<\/li>\n<li>banade v\u00e4g f\u00f6r forskning om mytologi, folkloristik, sagor o s\u00e4gner<\/li>\n<li>lade grunden f\u00f6r den moderna spr\u00e5kforskningen<\/li>\n<li>var experter p\u00e5 nordisk mytologi<\/li>\n<li>\u00f6versatte Eddan till tyska<\/li>\n<li>gillade Sverige och svenska spr\u00e5ket<\/li>\n<li>tr\u00e4ffade HC Andersen<\/li>\n<li>var medlemmar i \u00f6ver 70 vetenskapliga institutioner varav 9 skandinaviska<\/li>\n<li>lade grunden f\u00f6r \u201dDeutsches W\u00f6rterbuch\u201d, en etymologisk historisk ordbok<\/li>\n<li>Arbetade med 15 olika spr\u00e5k, d\u00e4ribland nordiska och\u00a0 slaviska spr\u00e5k samt sanksrit<\/li>\n<li>brevv\u00e4xlade med den svenske sagosamlaren Hylth\u00e9n Cavallius och de norska samlarna Asbj\u00f6rnson och Moe<\/li>\n<li>gav sagorna en enhetlig spr\u00e5kdr\u00e4kt som blev stilbildande hur en folksaga ska ber\u00e4ttas<\/li>\n<li>\u00a0traskade aldrig runt p\u00e5 landsbygden f\u00f6r att samla sagor<\/li>\n<\/ul>\n<p>&nbsp;<\/p>\n","protected":false},"excerpt":{"rendered":"<p>V\u00e4rldsarv Grimms sagosamling \u00e4r en av v\u00e4rldens mest k\u00e4nda och spridda b\u00f6cker. Den har haft stor betydelse f\u00f6r barnbokens utveckling och ledde till att folksagan blev erk\u00e4nd som litteratur. Den inneh\u00e5ller 200 sagor och tio legender. F\u00f6rsta utg\u00e5van publicerades 1812 &hellip; <a href=\"https:\/\/andrea.nu\/?page_id=18\">Continue reading <span class=\"meta-nav\">&rarr;<\/span><\/a><\/p>\n","protected":false},"author":1,"featured_media":0,"parent":646,"menu_order":1,"comment_status":"open","ping_status":"open","template":"","meta":[],"_links":{"self":[{"href":"https:\/\/andrea.nu\/index.php?rest_route=\/wp\/v2\/pages\/18"}],"collection":[{"href":"https:\/\/andrea.nu\/index.php?rest_route=\/wp\/v2\/pages"}],"about":[{"href":"https:\/\/andrea.nu\/index.php?rest_route=\/wp\/v2\/types\/page"}],"author":[{"embeddable":true,"href":"https:\/\/andrea.nu\/index.php?rest_route=\/wp\/v2\/users\/1"}],"replies":[{"embeddable":true,"href":"https:\/\/andrea.nu\/index.php?rest_route=%2Fwp%2Fv2%2Fcomments&post=18"}],"version-history":[{"count":11,"href":"https:\/\/andrea.nu\/index.php?rest_route=\/wp\/v2\/pages\/18\/revisions"}],"predecessor-version":[{"id":374,"href":"https:\/\/andrea.nu\/index.php?rest_route=\/wp\/v2\/pages\/18\/revisions\/374"}],"up":[{"embeddable":true,"href":"https:\/\/andrea.nu\/index.php?rest_route=\/wp\/v2\/pages\/646"}],"wp:attachment":[{"href":"https:\/\/andrea.nu\/index.php?rest_route=%2Fwp%2Fv2%2Fmedia&parent=18"}],"curies":[{"name":"wp","href":"https:\/\/api.w.org\/{rel}","templated":true}]}}